{"id":32,"date":"2025-05-04T12:36:29","date_gmt":"2025-05-04T12:36:29","guid":{"rendered":"https:\/\/thehaguepeace.org\/tegentopcoalitie\/?page_id=32"},"modified":"2025-06-08T18:27:43","modified_gmt":"2025-06-08T18:27:43","slug":"veelgestelde-vragen-faq","status":"publish","type":"page","link":"https:\/\/thehaguepeace.org\/tegentopcoalitie\/veelgestelde-vragen-faq\/","title":{"rendered":"FAQ"},"content":{"rendered":"\n<p>Vragen over de Tegentop en het Protest voor Vrede en Rechtvaardigheid beantwoord.<\/p>\n\n\n\n<div class=\"wp-block-columns is-layout-flex wp-container-core-columns-is-layout-28f84493 wp-block-columns-is-layout-flex\">\n<div class=\"wp-block-column is-layout-flow wp-block-column-is-layout-flow\">\n<details class=\"wp-block-details is-layout-flow wp-block-details-is-layout-flow\"><summary><strong><strong>1. Wat organiseren jullie precies rond de NAVO-top?<\/strong><\/strong><\/summary>\n<p>Wij organiseren op 21 en 22 juni een Tegentop voor Vrede en Rechtvaardigheid, en op 22 juni om 14:00 een groot Protest voor Vrede en Rechtvaardigheid in Den Haag.<br><br>Tijdens de tegentop bespreken we met Nederlandse en internationale stemmen die zich voor vrede uitspreken alternatieven voor het huidige agressieve en imperialistische militaire beleid van de NAVO in panels, lezingen en workshops.<\/p>\n\n\n\n<p>Op zondag 22 juni gaan we met zoveel mogelijk mensen de straat op om een krachtig signaal af te geven voor vrede en rechtvaardigheid, en tegen oorlog, militaire agressie, wapenwedlopen en bezuinigingen. Geen NAVO-oorlogstop!<\/p>\n<\/details>\n<\/div>\n<\/div>\n\n\n\n<details class=\"wp-block-details is-layout-flow wp-block-details-is-layout-flow\"><summary><strong>2. Wat is er dan mis met de NAVO?<\/strong><br><\/summary>\n<p>De NAVO vertegenwoordigt het westerse militaire machtsblok. Het heeft als belangrijkste functie om overal ter wereld de macht van Amerika en zijn partners met geweld te verzekeren. Dit met als doel om politieke macht, grondstoffen en economische overheersing te veroveren.<\/p>\n\n\n\n<p>De wapens, agressie en zucht naar wereldheerschappij van de NAVO-landen beschermt niet de vrede, veiligheid en de rechten van gewone mensen. Het zorgt juist voor vijandelijkheden, oorlog en vernietiging. Zo blijkt uit het historische trackrecord van de gruwelijke NAVO-oorlogen tegen Joegoslavi\u00eb, Irak, Afghanistan en Libi\u00eb; en ook uit de huidige agressieve strategie van de NAVO-landen tegen staten die zij als vijand hebben aangewezen.<\/p>\n\n\n\n<p><\/p>\n<\/details>\n\n\n\n<details class=\"wp-block-details is-layout-flow wp-block-details-is-layout-flow\"><summary><strong>3. Waarom zijn jullie tegen deze NAVO-top?<\/strong><br><\/summary>\n<p>Op de NAVO-top komen de belangrijkste kopstukken van het westerse militaire machtsblok bij elkaar. Waaronder types als Donald Trump, Erdo\u011fan en Orb\u00e1n. Zij bespreken daar de nieuwste strategie\u00ebn om grondstoffen en politieke macht over de hele wereld te veroveren en veilig te stellen door middel van oorlogsvoering.<\/p>\n\n\n\n<p>Tijdens de top zullen er miljarden extra investeringen in wapens en militaire escalatie aangekondigd worden. Die zullen worden betaald met een internationale kaalslag op zorg, onderwijs, pensioenen, sociale voorzieningen en klimaatbudgetten \u2013 ook in Nederland.<\/p>\n<\/details>\n\n\n\n<details class=\"wp-block-details is-layout-flow wp-block-details-is-layout-flow\"><summary><strong>4. Staan jullie dan aan de kant van Rusland?<\/strong><br><\/summary>\n<p>Nee, absoluut niet. Wij zijn tegen elke vorm van imperialisme, onderdrukking en oorlog \u2013 of dat nu van Rusland, de NAVO of andere staten komt. Poetin is een dictator en zijn invasie van Oekra\u00efne is een verschrikkelijke wandaad. Maar de NAVO heeft ook een rol gespeeld in het ontstaan van het conflict. Men wist dat de NAVO-uitbreiding naar het Oosten voor conflict zou zorgen. Oekra\u00efeners betalen de ultieme prijs terwijl het westen profiteert van de oorlog zelf, de politieke gevolgen en de verzwakking van een vijand.&nbsp;<\/p>\n\n\n\n<p>We staan solidair met Russische vredesactivisten die het Poetin-regime bestrijden, en tegelijk is het aan ons, in het Westen, om ons te verzetten tegen de Westerse kant van de oorlogsmachine.<\/p>\n<\/details>\n\n\n\n<details class=\"wp-block-details is-layout-flow wp-block-details-is-layout-flow\"><summary><strong>5. Wat is jullie alternatief voor het NAVO-beleid?<\/strong><\/summary>\n<p>Wij pleiten voor een wereld waarin vrede, veiligheid en rechtvaardigheid voor iedereen centraal staan, in plaats van de geopolitieke en economische belangen van een kleine groep rijke mensen in het Westen.&nbsp;<\/p>\n\n\n\n<p>Om dat te bereiken moeten we een brede beweging vormen in binnen- en buitenland die samen kan bouwen aan serieuze alternatieven. De Tegentop is bedoeld als platform om dit te kunnen bespreken.<\/p>\n<\/details>\n\n\n\n<details class=\"wp-block-details is-layout-flow wp-block-details-is-layout-flow\"><summary><strong>6. Waarom demonstreren jullie op zondag en niet tijdens de top zelf?<\/strong><br><\/summary>\n<p>We willen dat onze demonstratie veilig en toegankelijk is voor iedereen. Tijdens de NAVO-top is de stad grotendeels afgesloten en is er extreem veel politie op de been, wat het risico op arrestaties en geweld vergroot. Op zondag zijn de meeste mensen vrij en kunnen gezinnen, jongeren en ouderen makkelijker meedoen aan onze vreedzame en inclusieve protestmars.<br><\/p>\n<\/details>\n\n\n\n<details class=\"wp-block-details is-layout-flow wp-block-details-is-layout-flow\"><summary><strong>7. Zijn er nog andere plekken waar ik heen kan in dat weekend?\u00a0<\/strong><br><\/summary>\n<p>Zeker! Wij zijn niet de enigen die iets organiseren tegen de NAVO-top. Op zaterdag 21 juni organiseert de SP de Internationale Top voor Vrede, en Resist NATO de People\u2019s Summit. Mocht er dus geen plaats meer zijn bij ons, kan je altijd daar nog naartoe. <strong>&nbsp;<\/strong><\/p>\n<\/details>\n\n\n\n<details class=\"wp-block-details is-layout-flow wp-block-details-is-layout-flow\"><summary><strong>8. Wat is jullie houding tegenover complotdenkers en extreemrechtse mensen die zeggen pro-vrede te zijn?<\/strong><br><br><\/summary>\n<p>Wij nemen afstand van iedereen die zich uitlaat op een manier die racistisch, homofoob, transfoob, antisemitisch of seksistisch is. We zijn een brede beweging voor vrede, rechtvaardigheid, mensenrechten en klimaatrechtvaardigheid. Wij delen geen complottheorie\u00ebn, we zijn niet pro-Rusland en we verzetten ons tegen discriminatie. Waar sommige groepen tegen de NAVO zijn uit nationalisme of sympathie voor Poetin, kiezen wij voor solidariteit, gelijkwaardigheid en een vreedzame wereld voor iedereen.<br><br><\/p>\n<\/details>\n\n\n\n<p>Staat je vraag er niet tussen? Neem dan contact op via het <a href=\"https:\/\/thehaguepeace.org\/tegentopcoalitie\/contact\/\" data-type=\"page\" data-id=\"117\">contactformulier<\/a>.<\/p>\n","protected":false},"excerpt":{"rendered":"<p>Vragen over de Tegentop en het Protest voor Vrede en Rechtvaardigheid beantwoord. Staat je vraag er niet tussen? Neem dan contact op via het contactformulier.<\/p>\n","protected":false},"author":1,"featured_media":0,"parent":0,"menu_order":0,"comment_status":"closed","ping_status":"closed","template":"","meta":{"footnotes":""},"class_list":["post-32","page","type-page","status-publish","hentry"],"_links":{"self":[{"href":"https:\/\/thehaguepeace.org\/tegentopcoalitie\/wp-json\/wp\/v2\/pages\/32","targetHints":{"allow":["GET"]}}],"collection":[{"href":"https:\/\/thehaguepeace.org\/tegentopcoalitie\/wp-json\/wp\/v2\/pages"}],"about":[{"href":"https:\/\/thehaguepeace.org\/tegentopcoalitie\/wp-json\/wp\/v2\/types\/page"}],"author":[{"embeddable":true,"href":"https:\/\/thehaguepeace.org\/tegentopcoalitie\/wp-json\/wp\/v2\/users\/1"}],"replies":[{"embeddable":true,"href":"https:\/\/thehaguepeace.org\/tegentopcoalitie\/wp-json\/wp\/v2\/comments?post=32"}],"version-history":[{"count":17,"href":"https:\/\/thehaguepeace.org\/tegentopcoalitie\/wp-json\/wp\/v2\/pages\/32\/revisions"}],"predecessor-version":[{"id":424,"href":"https:\/\/thehaguepeace.org\/tegentopcoalitie\/wp-json\/wp\/v2\/pages\/32\/revisions\/424"}],"wp:attachment":[{"href":"https:\/\/thehaguepeace.org\/tegentopcoalitie\/wp-json\/wp\/v2\/media?parent=32"}],"curies":[{"name":"wp","href":"https:\/\/api.w.org\/{rel}","templated":true}]}}